prime number?
False
Suppose 4*p = -5*x + 13, 3*x + 6 = 2*p + 5*x. Let h(u) = -269*u + 3. Let k(v) = -269*v + 2. Let j(c) = 5*h(c) - 6*k(c). Is j(p) composite?
False
Suppose -512*h + 449*h + 3600513 = 0. Is h a prime number?
False
Let r = -39 - -45. Suppose -r*f + 14224 = 2*f. Suppose 6*y = 8*y - f. Is y a composite number?
True
Let d(n) = 26411*n + 11260. Is d(9) prime?
False
Let s(i) = -2*i - 38. Let q(t) = t + 19. Let x(g) = 13*q(g) + 6*s(g). Let z be x(-15). Suppose 5*w - 1440 = -5*p, -p = -0*p + z*w - 273. Is p a prime number?
True
Let s(z) = 3*z**3 + 26*z**2 - 7*z + 33. Let n(w) = -16*w**3 - 130*w**2 + 34*w - 164. Let v(r) = 2*n(r) + 11*s(r). Is v(-11) prime?
True
Let u be (556238/6)/1*3. Suppose -36*g + u = -15173. Is g composite?
False
Let h = 92 - 88. Suppose 0*z - 301 = -t + 2*z, h*t - 1193 = -3*z. Is t a composite number?
True
Let s be (-26 - (2 - 0))/(3/3). Let r be (0 - 3812/16)*s. Suppose y - r = -6*y. Is y a prime number?
True
Suppose 36091615 + 44743110 = 165*y - 30482030. Is y prime?
True
Let d be (144/(-126) + 1/7)*-1. Is (-5)/10*-2*(d - -408) composite?
False
Let f = -27009 + 52173. Suppose -f = -6*b - 2226. Is b a composite number?
False
Let i(r) be the third derivative of 43*r**6/360 - 7*r**5/120 - r**4/6 - 3*r**2. Let n(o) be the second derivative of i(o). Is n(1) prime?
True
Suppose 129*i - 61*i = 19006748. Is i a composite number?
False
Is (-113)/((-230310)/17715 - -13) a composite number?
True
Let q(c) = 6*c**2 - 6*c + 251. Is q(0) prime?
True
Let c be ((-40)/30 - -1)*-69. Suppose c*l = -7*l + 510330. Is l a composite number?
False
Let q = 3316 - 5985. Let g = q - -10668. Is g prime?
False
Let m(o) = -69773*o + 864. Is m(-5) composite?
False
Is (((-144884)/(-8) - 6) + -6)/(4/8) a prime number?
False
Suppose -4*d + 9*i - 11*i = -32488, -5*i - 16268 = -2*d. Let j = d - 3275. Is j a composite number?
True
Let c = 31 + -27. Let w(o) = -2*o**2 + 2*o + 698. Let g(m) = -m - 1. Let b(v) = c*g(v) + w(v). Is b(0) composite?
True
Suppose 4*d - 37 = -13. Suppose 3*j - d*g + 4*g = 4618, 5*j = g + 7692. Let s = j - 279. Is s a prime number?
True
Suppose i - 32 = 3*x, 6*x = x + 4*i - 51. Let f(a) = 33*a**2 - 7*a - 21. Is f(x) a composite number?
False
Let t(u) = u**3 - 10*u**2 + 6*u - 17. Let k = -29 - -39. Let l = 20 - k. Is t(l) a composite number?
False
Suppose -214737 = 25*z - 1592212. Is z prime?
False
Let z = 35865 - 6956. Is z a prime number?
True
Let j(n) = 4189*n - 223. Is j(20) a composite number?
False
Is (-32051)/((1/(-1))/((-56)/(-28))) composite?
True
Let o be -3*3/(-54) - (-44)/24. Suppose z = -5*x + 74818, 4*x - 5*z = o*x + 29911. Is x prime?
False
Let t(q) = -q**3 + 2*q**2 + 3*q + 67. Let b be t(5). Suppose 0 = -5*w - 0*w + 4920. Is w + 0 - 35/b a prime number?
False
Let s(z) = 134*z**2 + 4*z - 1. Let l = 180 - 176. Is s(l) a composite number?
True
Let y(o) = -20*o + 2203. Let p be 4 + -5 + 1/1. Is y(p) a composite number?
False
Suppose -f = -2*d - 3 - 2, -5*d - 4*f - 19 = 0. Let z be 0/(-1 + d + 2). Suppose z = -9*b + 3*b + 354. Is b prime?
True
Let j(a) = -a + 8. Let v be j(8). Suppose 0 = 2*o - 0*b - 2*b + 2740, v = -5*o - b - 6820. Let x = -842 - o. Is x composite?
False
Let s = -10123 - -25382. Is s prime?
True
Suppose 0 = 2*x - 2 + 86. Let c = -60 - x. Is (-43860)/c - ((-1)/3)/1 prime?
True
Let h(o) = 2*o**2 - 18*o + 20. Let u be h(8). Suppose 5*d + z - u*z - 129182 = 0, 2 = 2*z. Is d a prime number?
False
Suppose -2*n = 9*n + 2695. Let z(j) = j**3 - 2*j**2 + 8*j + 12. Let i be z(-9). Let o = n - i. Is o a composite number?
True
Let i(k) = 405*k**2 - 170*k + 2029. Is i(12) composite?
False
Let n(g) = g**2 + 45*g + 105. Let a be n(-44). Suppose -73*k + a*k + 204564 = 0. Is k a composite number?
False
Let t = 1 - -4. Suppose -5*x = -k + t*k - 5, -2*k - 4*x = 2. Is 23336/40 + 3/k + -1 a composite number?
True
Let i be 6/(-27) - 1876/63. Let a = 34 + i. Suppose -5*g + a*g = -419. Is g a prime number?
True
Let h(v) = v**3 + 14*v**2 + 32*v - 11. Let f be h(-11). Suppose f = 9*b - 0*b + 2277. Is 1/((-3)/6) - b a composite number?
False
Is 33/(-15) + 1003152/10 prime?
True
Let a(k) = -18*k**2 - 2*k - 30. Let u(h) = -h**3 - 6*h**2 - 1. Let c be u(-6). Let i(l) = l + 1. Let w(m) = c*a(m) + 3*i(m). Is w(-14) a composite number?
False
Let g be (3 - 30)/((-57)/(-38)). Let f(v) = 3*v**2 - 46*v - 41. Is f(g) a composite number?
False
Suppose -128*g = -122*g - 94674. Is g composite?
True
Let i = -155121 + 237992. Is i composite?
True
Let h = 471 + -467. Suppose i - 21*w + 18*w = 5530, 22045 = h*i + 3*w. Is i composite?
True
Suppose -r - 13329 = 2*r + 3*c, -2*c + 13314 = -3*r. Let a = -2939 - r. Is a a prime number?
False
Let w(r) = r**3 + 5*r**2 - 16. Let h be w(-4). Suppose 2*c - 6*c + 8948 = h. Is c a prime number?
True
Let x = 233 - 96. Let b(t) = 12*t**2 + 6*t - 2. Let q be b(-5). Let w = q - x. Is w composite?
False
Let h(u) = -275*u**2 + 2*u + 2. Let z(k) = -k**2 - 1. Let y(d) = -h(d) - z(d). Let q be (1 - 4) + (-35)/(-7). Is y(q) composite?
True
Let g = 74 - 145. Let i = g + 67. Let w(c) = -330*c - 1. Is w(i) a prime number?
True
Suppose 3*c - 1119 - 1305 = -5*v, 5*v - c = 2412. Let j be (-4 + v)/1 - 1. Let k = j + 79. Is k composite?
False
Suppose -3*v + 176 = 5*z, -2*z + 32 + 36 = 2*v. Suppose 5*g + 4*s = g + 132, g + 3*s = z. Is g composite?
False
Let z be (-5)/((-1)/(-3) - 36/(-54)). Is (-4)/z + 108654/70 a composite number?
False
Let t = 53304 - -47075. Is t prime?
True
Let d(t) = 2 - 1 + 34*t - 5 - 35*t + t**2. Let a be d(-2). Is 12/(-60) - (-1318)/5*a prime?
False
Let p be (2/(-3) + 33/9)/1. Suppose -p*b = 15, 2*b + 0*b - 10506 = -4*s. Is s a composite number?
True
Let m = 239964 - -54497. Is m composite?
False
Is 6391336968/5175 - (-3)/75 a composite number?
False
Let c(j) = 73*j**3 + 34*j**2 - 107*j + 106. Is c(13) a composite number?
True
Suppose 2*w + 2095 = -2*z - 1725, w - 5*z = -1940. Suppose 3*m + 12 = 0, 18250 = 4*v + v + 5*m. Let o = w + v. Is o composite?
True
Let w be (0/(-2))/(-5 + 4) + 0. Suppose w = 45*f - 59*f + 109130. Is f a prime number?
False
Let t(u) be the third derivative of 59*u**5/60 - 5*u**3/3 + 3*u**2. Let p be 10*-1*3/(-6). Is t(p) composite?
True
Is (354/(-4))/(23 - (-574570)/(-24980)) a composite number?
True
Let u be 16/8*-27*7*142. Let t = -30259 - u. Is t a prime number?
True
Let r be (-118)/(-8) - (-24)/(-32). Suppose -12 = -3*s, -2*l + s - r = -7*l. Suppose 0 = 3*c - 2*w - 1451 - 88, -1034 = -l*c + 4*w. Is c prime?
False
Suppose -4*v + 8 = 0, -5*v - 706549 = -3*r + 282094. Is r composite?
False
Suppose -88 = -59*t + 55*t. Let i = t - 19. Suppose l - 4*y = 171, l + 2*y = -i*l + 774. Is l a composite number?
False
Let t(u) = 4*u - 33. Let m be t(9). Suppose m*g + 2*g - 48275 = 0. Is g prime?
False
Let g(i) be the second derivative of 5*i**4/4 - i**3/2 + 5*i**2/2 + 2*i + 1. Is g(9) prime?
True
Let d(b) = 29*b**2 - 5*b + 5. Let a(x) = x**3 + 12*x**2 - 12*x + 16. Let t be a(-13). Suppose 0 = -h - 7*j + t*j - 24, 5*j = -5*h - 45. Is d(h) a prime number?
False
Let n be (-2)/(-3) + (-84)/(-36). Suppose 3 = -n*o - 3. Let c(d) = -47*d**3 - d**2 - d + 3. Is c(o) composite?
True
Let s = -43015 + 185516. Is s composite?
False
Suppose -3*n + 6*n - 12 = 0. Suppose -h - n*a = -3*a - 14, -5*h + 5*a + 80 = 0. Is 329*3*5/h a prime number?
False
Suppose -5*v = -8 - 12. Suppose -74*n + 69*n - 3*b - 8 = 0, 0 = -b + 4. Is (-2)/(v/(-990)) - n prime?
True
Suppose -7*j + 176664 = 4*j - 78613. Is j composite?
True
Let k(r) = -42*r**2 - 25*r - 15. Let w be k(-6). Is w/(-2) - 5/(-10) a prime number?
False
Suppose 105621 + 114892 = 11*p - 613078. Is p composite?
False
Is (514/8)/((-58995)/5364 - -11) a prime number?
False
Suppose 4*y - 551572 = 2*i + 102174, -3*y - 3*i = -490296. Is y composite?
True
Suppose 7*b = 11*b - 20112. Suppose u - 5*y + 1664 = 2*u, -3*y + b = 3*u. Is u prime?
False
Let c be -19*(-13)/(-5) + 30/75. Let h = 52 + c. Suppose -22 = -k - 3*l + 16, h*k - 54 = 3*l. Is k prime?
True
Let o = 275187 - 64180. Is o prime?
True
Let p be 9 - (7/(-2) + (-3)/(-2)). Suppose -p*h + 7*h + 15684 = 0. Is h prime?
False
Let s(j) be the second derivative of j**5/20 + 47*j**4/12 + 89*j**3/6 + 125*j**2/2 - 51*j. Is s(-42) prime?
False
Let d(o) = 11*o**3 + 9*o**2 + 17*o + 16. Let x(b) = -4*b**3 - 3*b**2 -